t d(v) = v**2 - 7*v + 10. Let b be d(8). Calculate the highest common divisor of b and 12.
6
Suppose 0 = 2*j + 6, -y + 3*y - 2*j - 50 = 0. Calculate the highest common divisor of 154 and y.
22
Let f = 5 - -22. Let u(d) = -6*d - 6. Let k be u(-4). What is the greatest common factor of f and k?
9
Suppose -56 = 2*m - 364. What is the greatest common divisor of m and 22?
22
Suppose 0*a - f + 17 = 3*a, f + 7 = 3*a. Suppose 3*n + 80 = a*h + 2*n, 2*n - 40 = -2*h. Calculate the highest common factor of h and 40.
20
Let o be (-4)/(-18) + 843/(-27). Let s(u) = 11*u + 6. Let f be s(-5). Let j = o - f. Calculate the highest common divisor of j and 9.
9
Let n(t) = 44*t**2 - 2*t - 1. Let p be n(-1). Suppose -3*z - 7 = -y + 11, -5*y + 90 = 4*z. What is the greatest common divisor of y and p?
9
Let x(f) = f**3 + f**2 - 1. Let t be x(2). Suppose 0 = -2*u + 5 + t. What is the highest common factor of u and 40?
8
Let v = 53 - 32. Let j = -15 + v. Let d be 2 - 0*(-3)/j. Calculate the highest common factor of d and 22.
2
Let o = 56 + -41. Calculate the highest common divisor of 15 and o.
15
Suppose 4*b = -20, -4*r + 2*r = -3*b - 99. Calculate the highest common factor of r and 63.
21
Let q(h) = -69*h + 1. Let u(l) = -l**2 - 6*l - 1. Let a be u(-6). Let d be q(a). What is the highest common divisor of 10 and d?
10
Let z = 11 - 7. Suppose -5*d - 5*h = -180, 117 = z*d - 9*h + 4*h. What is the greatest common divisor of 22 and d?
11
Suppose -2*q - 36 = -4*q. Suppose -4*i + q = -26. What is the greatest common factor of i and 44?
11
Suppose -243 = 3*d - 6*d. Suppose h + 0*h - d = 0. What is the greatest common divisor of 9 and h?
9
Let s be (2/(-6))/((-7)/336). Suppose -h - 2*l + 266 = 0, 0*h + 5*h - 5*l - 1285 = 0. Let i = h - 164. Calculate the greatest common divisor of i and s.
16
Let v = 26 - 20. Calculate the greatest common factor of v and 54.
6
Let y(z) = 1 - 3*z**3 - z + 28*z**2 - 27*z**2 - 3*z**3 - 10*z**3. Let n be y(-2). What is the highest common factor of n and 15?
15
Let s = 12 - -15. What is the highest common divisor of s and 27?
27
Let p = -12 - -17. Let o = 7 + p. What is the greatest common divisor of o and 12?
12
Suppose -2*m = 3*q + 2, 5*m - 4*q - 20 = q. Let l = 2 + 0. Suppose l*c = 5*c - 54. What is the highest common divisor of c and m?
2
Suppose a - 6 = 4*r - 29, 5*r + 5 = 0. Let l be ((-2)/2)/(1/11). Let n = l - a. What is the highest common divisor of n and 40?
8
Suppose -z - 2*z - 4*s = -38, -s + 2 = 0. Let k be (-2)/(-4) + 57*4/24. What is the highest common factor of k and z?
10
Suppose 0 = -4*r + 46 + 146. Let p = 16 - 10. Calculate the highest common divisor of p and r.
6
Suppose -c - c - s + 17 = 0, -3*c + 15 = 5*s. Calculate the greatest common factor of c and 25.
5
Suppose -2*s + 75 = 5*p, 0 = -0*s + 2*s. Suppose -3 = 3*y + 2*y + 4*k, -5*k = -5*y + p. Calculate the greatest common divisor of y and 3.
1
Let y = 50 + -74. Let h = 35 + y. Let z be h*11 + 0/(-1). Calculate the highest common factor of z and 11.
11
Suppose 5*t - 74 = 226. Let q be 3/(-3)*(-12 + 0). Calculate the greatest common divisor of t and q.
12
Suppose -b = -0*b - 4*p + 11, 0 = -4*b - 3*p + 32. Let j = b + -1. Let q = -25 - -49. Calculate the highest common divisor of j and q.
4
Let p = 40 - -5. What is the greatest common divisor of p and 5?
5
Suppose -3 = 3*c - 0. Let h be -2 - (0 + c*2). Suppose h = -3*l - l + 24. What is the greatest common factor of 6 and l?
6
Suppose 0*g = 4*g + 12, 4*r + 2*g - 6 = 0. Suppose -r*h = -h - 20. What is the highest common divisor of 20 and h?
10
Let g(c) = -c**2 + 3*c - 2. Let x be g(2). Suppose -u + 32 = -0*u + j, x = 5*u + 4*j - 161. What is the greatest common divisor of u and 132?
33
Let q be (-1)/(-3) + 5/(-15). Suppose 0 = 4*g - 2*y - 23 + 1, -g + 2*y - 2 = q. Calculate the greatest common factor of 8 and g.
8
Suppose -4*t + 4*i + i + 40 = 0, 5*t + 2*i - 17 = 0. Suppose -2*b + b + t = 0. What is the highest common factor of 5 and b?
5
Let i(s) = -3*s**3 - 2*s**2 - s - 1. Let h be i(-2). Let b = h - 15. Suppose 12 = t + t. What is the greatest common factor of b and t?
2
Let i = 111 + -209. Let d = 2 - i. Suppose 3*n = -2*n + d. Calculate the greatest common divisor of 4 and n.
4
Suppose 0 = 3*b + 7 + 2. Let f be -1 + 23*b/(-3). Calculate the highest common divisor of f and 2.
2
Suppose 2*q + f - 745 = 0, -3*q - 6*f + f = -1114. Let z = 527 - q. Calculate the greatest common divisor of z and 14.
14
Let v = 3 - 0. Let d be 17/v - 2/(-6). Let j be (-9 - (-2 + 1))*-3. What is the highest common factor of d and j?
6
Suppose 4*p - 906 = 3*q, 0*q = 5*p - 2*q - 1129. Suppose 3*u + 2*u - p = 0. Suppose -u = z - 6*z. What is the greatest common divisor of z and 45?
9
Let u = -6 - -14. Let y = 50 + -26. What is the greatest common divisor of y and u?
8
Let x(w) = -23*w + 13. Let b be x(-4). Suppose -3*i + 6*i = 72. Let z = -9 + i. Calculate the greatest common divisor of z and b.
15
Suppose 3*n + 5*p - 2*p = 15, 23 = 5*n + 4*p. Let v be 3 + 6 + n - -3. Calculate the greatest common divisor of 5 and v.
5
Let s be 2*(-1 - (-10)/4). Suppose -s = -q + 46. Suppose -3*y + q + 68 = 0. Calculate the highest common divisor of 26 and y.
13
Suppose -197 = -3*o - 4*s + 227, -5*s - 10 = 0. What is the greatest common factor of 16 and o?
16
Suppose -4*p + 22 + 22 = -4*x, 4*p + 3*x - 23 = 0. Let g = -147 + 82. Let r = -45 - g. Calculate the highest common factor of p and r.
4
Let d = -230 + 475. Calculate the highest common factor of d and 35.
35
Let z = -3 + 7. Suppose -6 = z*s - 90. Calculate the greatest common divisor of 14 and s.
7
Let z = 46 + -44. Calculate the highest common factor of z and 4.
2
Suppose -396 = -6*b + 4*b. Calculate the greatest common divisor of b and 22.
22
Let z(c) = -c**3 - 7*c**2 + 6*c. Let t(o) = -o**2 - 6*o - 8. Let m be t(-6). Let x be z(m). What is the highest common divisor of 24 and x?
8
Suppose -4*v - 2*o = -2 - 2, 4*v = -o + 4. Suppose -203 = -3*z - 74. Let k = z + v. What is the greatest common factor of 11 and k?
11
Suppose -s + 67 - 4 = 0. What is the greatest common factor of s and 9?
9
Let u be 0 + (-3)/(-6)*22. Let o = -16 + 126. What is the highest common factor of o and u?
11
Suppose 0 = z - 20 - 39. Let a = z - 32. Calculate the greatest common divisor of a and 9.
9
Suppose 0 = 3*l - 2*q + 292, 4*l + 362 = 2*q - 26. Let u = -63 - l. Calculate the highest common factor of u and 3.
3
Let y(n) = 3*n**3 + 2*n**2 + 3*n - 3. Let v be y(3). Let w = -74 - -109. Calculate the highest common factor of w and v.
35
Suppose 2*w = -4*f + 44, 3*w + 2 = 2*w. Let d(g) = -g**2 - 6*g + 7. Let m be d(-5). What is the greatest common factor of m and f?
12
Let g(m) = m + 3. Let c(h) = h**2 + h. Let d be c(-2). Suppose 3*i - d - 13 = 0. Let f be g(i). What is the highest common divisor of 72 and f?
8
Let n be (18/(-5))/(1/(-5)). Let b = 64 - 28. Calculate the greatest common divisor of b and n.
18
Let r(t) = -15 - 9*t + 5*t**2 + 2 + 4 + t**3. Let f be r(-6). Calculate the greatest common divisor of f and 63.
9
Let x(c) be the third derivative of c**5/60 - c**4/12 + c**3/2 - 3*c**2. Let k be x(-7). Calculate the greatest common factor of 11 and k.
11
Suppose 3*x + 10 = h, -2*h - 5*x - 22 = -4*h. What is the greatest common factor of 80 and h?
16
Let z = 3 - -3. Suppose -4*l + z = 22. Let h(m) = m**3 + 6*m**2 + 6*m. Let n be h(l). What is the greatest common divisor of n and 56?
8
Let x = 19 - 8. Let j = x + 16. Calculate the greatest common divisor of j and 9.
9
Suppose -4*d - d + 90 = 0. Calculate the highest common divisor of d and 36.
18
Suppose 0 = 5*f - 13 - 12. Suppose 4*d + 11 = f*d. Let q be (0 - d)*(4 + -5). Calculate the highest common factor of 55 and q.
11
Suppose a = -3*a - 72. Let b be (a/(-4))/((-5)/(-230)). What is the highest common divisor of 23 and b?
23
Let v = 3 + 0. Let j be 6/(-4)*4/v. Let n = 12 + j. Calculate the highest common divisor of 10 and n.
10
Let o = -23 - -53. Suppose -4*q + o = -q. What is the greatest common divisor of 5 and q?
5
Suppose 4*d + 3*z - 9 = 89, -4*d + 100 = 4*z. Calculate the highest common divisor of d and 184.
23
Let l(g) = -g + 2. Let x be l(0). Suppose -x*t + 3*d - 12 = -55, 82 = 5*t + d. Calculate the greatest common divisor of 17 and t.
17
Let c be (-14)/(-4) - (-1)/2.